Does 12 divide 2184?
True
Is 269 a multiple of 2?
False
Is 1350 a multiple of 18?
True
Does 57 divide 4399?
False
Does 20 divide 1840?
True
Is 20 a factor of 21374?
False
Is 1004 a multiple of 9?
False
Does 6 divide 1234?
False
Is 37 a factor of 3441?
True
Is 5144 even?
True
Is 21 a factor of 3468?
False
Does 49 divide 56628?
False
Does 16 divide 17360?
True
Is 53 a factor of 2703?
True
Does 18 divide 3796?
False
Is 4 a factor of 25?
False
Is 113 a factor of 6667?
True
Is 44 a factor of 1677?
False
Is 14 a factor of 10283?
False
Is 18 a factor of 27834?
False
Is 125879 a multiple of 112?
False
Is 168 a multiple of 8?
True
Is 119 a factor of 9996?
True
Is 1091 a multiple of 77?
False
Is 1974 a multiple of 94?
True
Is 60 a factor of 2968?
False
Is 23 a factor of 1081?
True
Is 11 a factor of 9515?
True
Does 32 divide 1017?
False
Is 9 a factor of 8154?
True
Is 2 a factor of 3896?
True
Is 104 a factor of 624?
True
Does 3 divide 21?
True
Does 16 divide 80?
True
Does 103 divide 9991?
True
Is 161 a multiple of 7?
True
Does 121 divide 15367?
True
Does 74 divide 1036?
True
Is 11475 a multiple of 27?
True
Does 141 divide 29826?
False
Is 348 a multiple of 12?
True
Does 5 divide 1755?
True
Is 8 a factor of 105?
False
Is 182 a factor of 23660?
True
Is 13 a factor of 31733?
True
Is 1736 a multiple of 20?
False
Is 280 a multiple of 54?
False
Does 38 divide 1123?
False
Is 30 a factor of 1500?
True
Is 294 a multiple of 6?
True
Does 65 divide 780?
True
Is 27 a factor of 1728?
True
Is 134 a multiple of 5?
False
Is 14630 a multiple of 77?
True
Does 148 divide 74339?
False
Is 87 a factor of 5027?
False
Does 39 divide 22326?
False
Is 245 a factor of 30278?
False
Is 6 a factor of 574?
False
Does 48 divide 2592?
True
Does 84 divide 37915?
False
Is 94 a factor of 51324?
True
Is 14336 a multiple of 16?
True
Does 33 divide 1287?
True
Is 102 a factor of 6630?
True
Does 42 divide 41271?
False
Is 816 a multiple of 34?
True
Does 68 divide 11012?
False
Does 308 divide 8813?
False
Does 8 divide 40?
True
Does 148 divide 12616?
False
Is 44 a factor of 4027?
False
Is 280 a multiple of 4?
True
Does 14 divide 40621?
False
Does 11 divide 495?
True
Is 20568 a multiple of 12?
True
Is 20 a factor of 1400?
True
Is 77 a factor of 1127?
False
Does 79 divide 22055?
False
Does 4 divide 1280?
True
Does 3 divide 105?
True
Is 107 a factor of 14852?
False
Is 3908 a multiple of 9?
False
Does 3 divide 175?
False
Does 86 divide 15731?
False
Is 10 a factor of 830?
True
Does 18 divide 2304?
True
Is 65714 a multiple of 319?
True
Is 19 a factor of 1425?
True
Is 936 a multiple of 78?
True
Is 130 a multiple of 24?
False
Is 140 a factor of 12040?
True
Is 447 a multiple of 13?
False
Is 627 a multiple of 29?
False
Is 15 a multiple of 5?
True
Is 3362 a multiple of 14?
False
Is 5348 a multiple of 40?
False
Does 103 divide 2378?
False
Is 2 a factor of 3430?
True
Does 19 divide 10364?
False
Is 1344 a multiple of 84?
True
Does 12 divide 4416?
True
Is 9 a factor of 15948?
True
Is 11 a factor of 33187?
True
Is 7 a factor of 4928?
True
Is 2 a factor of 35?
False
Is 22484 a multiple of 146?
True
Is 10 a factor of 530?
True
Is 12989 a multiple of 31?
True
Is 1880 a multiple of 4?
True
Is 95 a multiple of 8?
False
Is 1302 a multiple of 21?
True
Does 54 divide 37817?
False
Is 1472 a multiple of 46?
True
Does 8 divide 1019?
False
Does 73 divide 5899?
False
Does 14 divide 5026?
True
Is 23 a factor of 12512?
True
Is 2041 a multiple of 15?
False
Does 14 divide 24585?
False
Is 11 a factor of 62?
False
Does 65 divide 7369?
False
Is 896 a multiple of 56?
True
Is 720 a multiple of 120?
True
Is 4 a factor of 4728?
True
Does 90 divide 4230?
True
Does 39 divide 533?
False
Does 55 divide 4628?
False
Is 33528 a multiple of 44?
True
Is 10 a factor of 5290?
True
Is 2500 a multiple of 20?
True
Does 7 divide 24913?
True
Is 44 a factor of 841?
False
Does 126 divide 55307?
False
Is 154 a factor of 5852?
True
Is 120 a factor of 3600?
True
Is 27938 a multiple of 12?
False
Is 14 a factor of 19572?
True
Is 14 a factor of 57?
False
Does 81 divide 3726?
True
Is 4 a factor of 17395?
False
Does 10 divide 10?
True
Is 4262 a multiple of 16?
False
Does 46 divide 5152?
True
Is 18224 a multiple of 134?
True
Does 72 divide 288?
True
Is 108498 a multiple of 56?
False
Is 15931 a multiple of 6?
False
Does 23 divide 1518?
True
Is 90 a factor of 1660?
False
Is 3289 a multiple of 23?
True
Is 15 a factor of 32825?
False
Is 5833 a multiple of 22?
False
Does 17 divide 5536?
False
Does 28 divide 61360?
False
Is 15 a factor of 10065?
True
Is 13307 a multiple of 47?
False
Is 18 a factor of 1918?
False
Is 15426 a multiple of 159?
False
Is 8926 a multiple of 129?
False
Is 740 a multiple of 5?
True
Does 17 divide 80?
False
Does 9 divide 4599?
True
Is 5 a factor of 3185?
True
Is 20 a factor of 80?
True
Is 13 a factor of 1435?
False
Does 4 divide 668?
True
Does 40 divide 320?
True
Is 1105 a multiple of 82?
False
Is 90 a factor of 8812?
False
Does 23 divide 1518?
True
Is 16 a factor of 30800?
True
Is 88 a factor of 6646?
False
Is 4 a factor of 612?
True
Is 4986 a multiple of 55?
False
Does 100 divide 38900?
True
Does 57 divide 1026?
True
Is 62 a factor of 217?
False
Is 1896 a multiple of 2?
True
Does 15 divide 33375?
True
Is 24809 a multiple of 310?
False
Is 5376 a multiple of 56?
True
Does 18 divide 1575?
False
Does 26 divide 106106?
True
Is 579 a multiple of 57?
False
Does 40 divide 2640?
True
Does 6 divide 410?
False
Does 53 divide 795?
True
Does 9 divide 55?
False
Does 36 divide 6984?
True
Is 14 a factor of 13748?
True
Does 62 divide 1302?
True
Is 133 a factor of 4655?
True
Is 31 a factor of 27373?
True
Is 17 a factor of 2994?
False
Does 25 divide 4950?
True
Is 85 a factor of 4675?
True
Is 265 a factor of 143235?
False
Is 38 a factor of 86331?
False
Does 121 divide 26620?
True
Is 64 a factor of 2969?
False
Is 13792 a multiple of 12?
False
Is 1794 a multiple of 46?
True
Is 9 a factor of 1490?
False
Does 16 divide 912?
True
Does 5 divide 1530?
True
Is 4158 a multiple of 27?
True
Is 2379 a multiple of 27?
False
Is 59641 a multiple of 66?
False
Is 51 a factor of 2856?
True
Does 66 divide 99383?
False
Is 70 a factor of 2485?
False
Is 6 a factor of 3193?
False
Is 15571 a multiple of 106?
False
Is 55 a factor of 8800?
True
Is 17 a factor of 799?
True
Does 64 divide 3231?
False
Does 8 divide 8?
True
Is 26 a factor of 59?
False
Is 965 a multiple of 16?
False
Is 546 a multiple of 11?
False
Does 35 divide 2843?
False
Is 313 a factor of 40377?
True
Is 22 a factor of 1056?
True
Does 9 divide 900?
True
Is 6 a factor of 114?
True
Is 347 a multiple of 24?
False
Does 21 divide 735?
True
Is 525 a multiple of 35?
True
Does 11 divide 4928?
True
Is 21 a factor of 357?
True
Is 6440 a multiple of 56?
True
Is 9537 a multiple of 18?
False
Does 17 divide 119?
True
Is 7 a factor of 340?
False
Does 26 divide 127094?
False
Does 114 divide 314?
False
Is 57 a factor of 4213?
False
Is 89 a factor of 13528?
True
Does 92 divide 8648?
True
Is 6552 a multiple of 17?
False
Is 10892 a multiple of 28?
True
Does 34 divide 794?
False
Does 46 divide 939?
False
Does 16 divide 1273?
False
Does 27 divide 2484?
True
Does 118 divide 11919?
False
Is 6 a factor of 1206?
True
Is 37 a factor of 1707?
False
Does 119 divide 46767?
True
Is 29 a factor of 2324?
False
Is 86 a factor of 8428?
True
Is 219 a factor of 106458?
False
Is 38 a factor of 6775?
False
Is 5 a factor of 700?
True
Is 1088 a multiple of 64?
True
Is 17 a factor of 26?
False
Is 33 a factor of 4205?
False
Does 18 divide 2160?
True
Is 7 a factor of 2614?
False
Is 328 a multiple of 8?
True
Is 2151 a multiple of 70?
False
Is 1711 a multiple of 12?
False
Is 82 a multiple of 4?
False
Does 13 divide 2145?
True
Is 9 a factor of 569?
False
Is 25 a factor of 25?
True
Does 53 divide 55504?
False
Is 1410 a multiple of 15?
True
Is 9 a factor of 711?
True
Does 186 divide 11245?
False
Does 35 divide 6195?
True
Is 137224 a multiple of 34?
True
Is 8 a factor of 4393?
False
Is 3577 a multiple of 8?
False
Does 51 divide 6681?
True
Is 1282 a multiple of 31?
False
Is 106 a factor of 1484?
True
Is 3445 a multiple of 5?
True
Is 1275 a multiple of 85?
True
Is 44 a factor of 4736?
False
Is 50 a factor of 120200?
True
Is 96 a multiple of 4?
True
Is 7951 a multiple of 23?
